e w + 2 = -3*c, 0*c - 4*w - 8 = -4*c. Suppose c = 6*z - 39 + 15. What are the prime factors of z?
2
Let h(t) = 3*t - 12. Let w = 2 + 6. Let i be 2/(w/6 - 1). What are the prime factors of h(i)?
2, 3
Suppose -2*u = 1 - 15. Let d(z) = -6*z + 15. Let j be d(u). List the prime factors of (-2)/6 + (-1737)/j.
2
Let j(x) = 863*x**2 - 26*x - 64. What are the prime factors of j(-2)?
2, 5, 43
Suppose -98 - 622 = -3*b. What are the prime factors of ((-4)/5)/(0 + (-6)/b)?
2
Suppose -5*a + 32 + 13 = 5*h, -8 = -4*h. Let x(r) = 12*r - 12. What are the prime factors of x(a)?
2, 3
Suppose g - 4*u = 29, 2*u - 91 = -5*g + 4*u. Suppose -5*s + 0 = -25. Suppose 5*c = 2*m - 28, 0 = s*c + 7 - g. What are the prime factors of m?
19
Suppose 0 = 17*k - 14*k + 771. Let v = 528 + k. List the prime factors of v.
271
Let k = -87 - -206. What are the prime factors of (-3)/7 + 0 - (-6953)/k?
2, 29
Let j(c) = -2*c**2 + 21. Let u = 32 + -20. Suppose 6*m - u = 3*m - 3*w, w - 4 = m. What are the prime factors of j(m)?
3, 7
Suppose 36*r = 7725 + 13227. List the prime factors of r.
2, 3, 97
Let f(d) be the second derivative of d**5/20 + 7*d**4/6 + 2*d**3 - 7*d**2 - d - 11. What are the prime factors of f(-10)?
2, 7, 19
Suppose 7*g = 3*g - 8, -3*d - 3*g + 3243 = 0. List the prime factors of d.
3, 19
Suppose -w - 6*t + 62 = -4*t, 4*t + 32 = w. Let h = -24 + w. List the prime factors of h.
2, 7
Let i = 31 - -77. Suppose -5*r = -147 - i. What are the prime factors of r?
3, 17
Suppose -8*r = -4*r - 8. Suppose -r*l + 380 = -4*c, 3*c = -2*l + 142 + 224. Suppose 3*t - l = -4*s - 23, 4*s - 3*t = 181. What are the prime factors of s?
43
Let h(p) = -p**3 - p**2 + 5*p + 438. What are the prime factors of h(0)?
2, 3, 73
Suppose 2*a - 2 + 48 = 0. Let u = 35 + a. What are the prime factors of u?
2, 3
Suppose -20*b + 9*b + 15444 = 0. List the prime factors of b.
2, 3, 13
Let s(q) = -1 + 8*q + 5*q - 14*q. Let h be s(-3). Suppose 0*v - 8 = -h*v. What are the prime factors of v?
2
Suppose 0 = -4*r + 4*o + 1344, -4*r = 5*o - 2*o - 1365. What are the prime factors of r?
3, 113
Let z be (-3 - 2)*32/40. List the prime factors of 1 + (-4)/(-2) - z.
7
Let j be 20/15*342/4. Let x = j + -56. List the prime factors of x.
2, 29
Let q(k) = -77*k**2 - 3*k - 2. Let j be q(-2). Let v be j/(-112) + 4/14. Suppose 5*p + 34 = -g + 162, -2*g + 74 = v*p. What are the prime factors of p?
2, 13
Let b(i) be the first derivative of -i**4/4 - 2*i**3/3 - 3*i**2/2 - i - 4. Let f be b(-2). Suppose -271 = -f*z + 4*p, 1 = 4*p - 3. List the prime factors of z.
5, 11
Suppose -5*b + 3*x = -7496, 0 = -b - 3*x + 1456 + 36. What are the prime factors of b?
2, 7, 107
Let x(t) = -19*t + 5. Let n be x(2). Let d = n - -21. Let v(g) = -g**3 - 12*g**2 - 4*g + 2. List the prime factors of v(d).
2, 5
Let l(a) = a**3 - a + 6. Let i be l(0). Let t be (8/(-10))/(i/(-15)). Suppose -4*v = -t*v - 30. What are the prime factors of v?
3, 5
Suppose -h - 2*h = -225. Suppose -u - 5 = 0, -5*u = 4*n - 12 - h. What are the prime factors of n?
2, 7
Suppose 0 = -5*p + 7*p - 322. Suppose -5*m - 215 = -5*q, 3*m - p = -3*q - 2*m. What are the prime factors of q?
47
Let i(g) = 3*g + 5. Let j be i(-1). Suppose 205 = j*f + 5*d, -481 - 3 = -5*f - 3*d. What are the prime factors of f?
5, 19
Let t(k) = -k**3 - 10*k**2 + 9*k - 19. Let b be t(-11). Suppose -5*o + 142 = b*n, 4*o + 2*n - 40 - 74 = 0. What are the prime factors of o?
29
List the prime factors of (10 + 2)/(3/286).
2, 11, 13
Let t(c) = -c**3 - 10*c**2 - 10*c - 11. Let z = 2 - 11. Let x be t(z). Let d = x + 11. What are the prime factors of d?
3
Suppose 2*u + 7724 = 4*y, -4*u = y - 2277 + 364. What are the prime factors of y?
3, 643
Let h = -10 - -10. Suppose -5*w + 145 = -h*w. What are the prime factors of w?
29
Let t = -25 - -85. What are the prime factors of 525/t + (-6)/8?
2
Suppose -4*q + 9*q = -20. Let i = 3 - q. List the prime factors of i.
7
Suppose -5083 = 4*y - 14519. List the prime factors of y.
7, 337
Let k(d) = 45 + 28*d - 4*d + 3*d. List the prime factors of k(9).
2, 3
Let b(v) = -v**3 + v. Let y be b(-1). Suppose i - 7*i + 132 = y. What are the prime factors of i?
2, 11
Suppose -16*j + 15*j - 3*h + 617 = 0, -3*h = -5*j + 3067. What are the prime factors of j?
2, 307
Let t(m) = m**3 + 17*m**2 + 27*m + 8. Let p be t(-11). Suppose -5*j = -10*j + 2*u + p, 0 = u + 1. List the prime factors of j.
3, 29
Suppose 2*g + 3*g + 4*l - 3005 = 0, g = 4*l + 625. List the prime factors of g.
5, 11
Let a = 677 + -453. Let w be a/(-24)*6/(-4). Let m(g) = g + 14. What are the prime factors of m(w)?
2, 7
Suppose r = 4*h - 25 + 4, 5*h - 42 = -4*r. List the prime factors of 4/h - (-2230)/30.
3, 5
Let h(r) = 27*r + 443. List the prime factors of h(18).
929
What are the prime factors of (4/(-3))/(90/(-22005))?
2, 163
Let i = -638 - -1228. Let w = -367 + i. What are the prime factors of w?
223
Suppose -265 = -5*d + 95. Let n(o) = o**2 + 10*o - 13. Let y be n(-8). Let l = y + d. List the prime factors of l.
43
Suppose 0 = 4*g - 5*h + 1608 - 4906, 0 = -5*g - 4*h + 4143. What are the prime factors of g?
827
Let r be ((-18)/(-54))/((-2)/(-174)). Let s be 3/(-9) + (-22)/(-3). Suppose -s = g - r. List the prime factors of g.
2, 11
Suppose 0 = -2*t - 2*l + 60, t + 2*t - 4*l - 62 = 0. Let k(f) = 7*f - 25. List the prime factors of k(t).
157
Let h(n) = n**3 + 2*n**2 - 2*n + 1. Let y be h(-2). Suppose -5*t + 252 = -y*k + 32, 214 = 5*t - 3*k. List the prime factors of t.
41
List the prime factors of (-210)/5*(-110)/3.
2, 5, 7, 11
Let g = 11 - -60. Suppose -g - 61 = -2*k. What are the prime factors of k?
2, 3, 11
Let i(n) = -2*n - 2. Let x be i(1). What are the prime factors of 2/x*6570/(-15)?
3, 73
What are the prime factors of 9/108*(0 + -4)*-2334?
2, 389
Suppose 2*u - 13502 = -5*k, -1648 + 9744 = 3*k - 4*u. What are the prime factors of k?
2, 3, 5
List the prime factors of (48/28)/(6/4431).
2, 3, 211
Let i = 188 - -188. List the prime factors of i.
2, 47
Suppose -3*f - 2*o + 938 = f, -4*f + 939 = 3*o. Let z = f - 84. What are the prime factors of z?
2, 3, 5
Suppose -5*r - 3*f + 1632 = 0, 0 = 4*r + 2*f + f - 1305. What are the prime factors of r?
3, 109
Suppose 4*w + 162 = 1630. Suppose 6*l + n = 4*l + w, -5*l + 5*n = -955. What are the prime factors of l?
2, 3, 31
Let k be -16*6/42 - 2/(-7). What are the prime factors of (-195)/(k + 0 + (-3 - -4))?
3, 5, 13
Let x = 29 + -24. Suppose -620 = -x*w - 4*o, 0*o + 5*o = 3*w - 335. Suppose -4*i - i + w = 0. What are the prime factors of i?
2, 3
Let m(u) be the third derivative of 3*u**5/20 - u**4/24 + u**3/6 + 175*u**2. Suppose -3*v - 8 = v. List the prime factors of m(v).
3, 13
Let l = -329 - -523. List the prime factors of l.
2, 97
Let j be (-6)/6 - 6/(-1). Let d(m) be the second derivative of -m**4/12 + m**3 + 2*m**2 + 7*m. List the prime factors of d(j).
3
Let k = -28 + 39. Let a = k + -18. Let j = -1 - a. What are the prime factors of j?
2, 3
Suppose -5*m - 23 + 38 = 0. What are the prime factors of ((-12)/14)/m - (-723)/7?
103
Let t(r) = -138*r + 263. What are the prime factors of t(-6)?
1091
Suppose 0 = 4*q - 2707 + 647. List the prime factors of q.
5, 103
Let z = -45 - -58. Suppose -z*b + 10*b + 501 = 0. What are the prime factors of b?
167
Let i = 14 - -2. Let x(c) = c**2 + 13*c + 4. Let g be x(-12). Let p = i - g. List the prime factors of p.
2, 3
Let a(d) = -d**3 - 8*d**2 - 8*d - 2. Suppose -r + 0*r = 10. Let w = r + 3. List the prime factors of a(w).
5
Suppose -b + 5*q - 84 = 0, -4*q = -b - q - 84. List the prime factors of (b/(-30))/((-3)/(-75)).
2, 5, 7
Suppose 0 = -2*j + j + 43. Let r = -20 + j. Suppose r = 2*z - z. List the prime factors of z.
23
What are the prime factors of (-1)/(((-11)/(-938))/(-11))?
2, 7, 67
Let n = -3 - -3. Let l(b) = 5*b - 1. Let z be l(1). Suppose 4*h - 2*w - 102 = n, z*h - 108 = 6*w - 2*w. List the prime factors of h.
2, 3
Suppose -4*z - 4*j + 16276 = 0, 19*j - 14*j + 20335 = 5*z. List the prime factors of z.
2, 3, 113
Suppose -l - 2*l - 5*k = -12224, l = 5*k + 4088. List the prime factors of l.
2, 2039
Let v = 43 - 25. Suppose 0 = -4*k + 47 + 1. What are the prime factors of 60/v*k/5?
2
Let w(l) be the first derivative of -7*l + 3 - 3/2*l**2. What are the prime factors of w(-12)?
29
Suppose -g + 4*m = 5*m - 137, -2*g = -4*m - 262. List the